e 0 = -5*c - 2*z + 4*z + j, z = 2*c - 142. Suppose 3*r = -h + r + c, -4*h + 270 = r. Is h composite?
False
Let u(r) = -r**3 - 2*r**2 - 9*r - 1. Is u(-7) a composite number?
False
Let t(v) = -2*v - 6. Let o be t(-5). Suppose 76 = -0*h + o*h. Is h a composite number?
False
Suppose -3*m + 295 = -2*m. Is m composite?
True
Let q(h) = 3*h**2 - 2*h - 3. Let v(k) = -k**2 - 4*k + 3. Let b be v(-4). Suppose s - b*s = 4. Is q(s) prime?
True
Let h(m) be the third derivative of 13*m**5/15 + m**4/8 + m**3/3 - 4*m**2. Is h(-1) a prime number?
False
Let a = 223 + -112. Suppose a = 2*l + l. Is l a prime number?
True
Let m(w) = -w - 4. Let r be m(-6). Suppose -5*j = 4*x - 750, -743 = -4*j - r*x - 143. Suppose -o = -j - 13. Is o composite?
False
Is (-21)/((24/14)/(-4)) a prime number?
False
Let u = 3 + -4. Let h be (15/10)/(u/(-30)). Let c = h - 14. Is c prime?
True
Suppose -g = l + 58, -3*l = 1 - 16. Let h = g + 141. Suppose h = j - f + 2*f, 4*j - 3*f = 319. Is j prime?
True
Let n(k) = -k**3 - 3*k**2 + 4*k + 6. Let p be n(-4). Suppose p*o = 3*o - 6. Let l(s) = -3*s. Is l(o) prime?
False
Let z be ((-25)/(-2))/(3/48). Suppose 270 + z = 5*x. Let f = x - 47. Is f a composite number?
False
Let i(h) = -h**3 - 5*h**2 - h - 3. Let x be i(-5). Suppose o - x = 3*y + 23, o + 5*y - 49 = 0. Is o composite?
True
Suppose 5*c = 1887 - 32. Is c a prime number?
False
Suppose 4*g - 1479 = -5*m, 3*m = 2*g - 612 - 133. Is g a composite number?
True
Let w be (9 - 10)/(2/166). Let l = w - -129. Is l prime?
False
Suppose -5*h = -p - 4*p - 6725, -5*p - 1329 = -h. Is h composite?
True
Is (-19350)/(-63) - 2/14 composite?
False
Suppose -3*q + 5*b = -7*q + 1157, 4*q - 1184 = 4*b. Is q composite?
False
Is 4/16 - 3225/(-12) a prime number?
True
Let r be 1*6 - (2 + -1). Let f = -82 - -126. Suppose -4*z = -2*z - r*w - 22, 4*z = -2*w + f. Is z a composite number?
False
Let l be (-3 - 2/2) + 3. Let k be ((-154)/(-4))/(l/(-2)). Suppose -g + k = -86. Is g prime?
True
Let b = 2 + -147. Is (-4)/2 - (b - -2) a prime number?
False
Let c(m) = -16*m + 3. Is c(-13) a composite number?
False
Is (-15)/(-30)*(0 + 138) composite?
True
Let p(f) = -71*f - 7. Let z(v) = v**3 - 6. Let x be z(0). Is p(x) a composite number?
False
Let z = 6 - -3. Let v = -4 + z. Suppose o + o + v*k = -11, -3*k - 29 = -2*o. Is o a composite number?
False
Suppose -3*z = -68 + 26. Suppose 4*q + 2 - z = 0. Suppose d - q*d + 22 = 0. Is d composite?
False
Let l(k) = 10*k + 1. Let w be l(-1). Let f(z) be the second derivative of z**4/6 + 3*z**3/2 + 2*z**2 - 20*z. Is f(w) a composite number?
True
Let p = 13 - 7. Let k be (-5)/(-15) + 52/p. Is (-3)/9 + 228/k prime?
False
Let a(u) = -u. Let s be a(-1). Suppose 3*r - s = 53. Suppose 48 + r = 2*k. Is k composite?
True
Suppose -5*d = -u - 30, -2*u = 3*d + u. Let x be 44/10*d/(-1). Let w = x + 55. Is w prime?
False
Is 1066/4 - 12/8 a composite number?
True
Let b be ((-4)/12)/((-1)/6). Let o be (-1 + 3/b)*10. Suppose 0 = 6*a - o*a - 34. Is a a composite number?
True
Suppose 3*u = -2*u - 4*v + 5, 5*v = -4*u - 5. Suppose 0 = u*d - 4 - 1. Is (-1)/(d/37*-1) composite?
False
Suppose 3*k + r - 12 = k, 0 = 5*k - r - 16. Suppose 4*h = -0*c + c - 405, 4*c - k*h = 1572. Is c prime?
True
Let o be 6*15/(-18)*-10. Suppose 3*f + 646 + o = 0. Let q = f - -351. Is q a prime number?
False
Suppose -f + 2*i + 717 = -192, -i + 906 = f. Is f a prime number?
True
Let i(g) = 2*g**3 + g**3 - g**2 + 113 - 2*g**3 - g. Is i(0) a composite number?
False
Let k(n) = n**3 - 7*n**2 + 4*n. Let q be k(6). Is (129/(-4))/(3/q) a composite number?
True
Let m be (-1 + 2 - -1) + 35. Suppose z = 73 - 13. Let t = z - m. Is t a composite number?
False
Suppose 18 = 4*c + 4*q - 62, 29 = c - 2*q. Is c prime?
True
Let r(z) = -11*z**3 + z - 4. Let l be r(-3). Suppose 4*k = 362 + l. Is k composite?
False
Suppose 0 = 16*z - 15*z - 11. Is z a composite number?
False
Is 254*((-14)/(-4) - 3) prime?
True
Let q be (-5 - 0)*1040/(-50). Suppose -4*c + 5*v + q = 0, 2*c = 4*c - 4*v - 58. Is c prime?
False
Let o(r) = r**3 + 4*r**2 - 6*r + 6. Let w be o(4). Suppose -2*b + w = -0*b. Is b a composite number?
True
Suppose 0 = z - 7 - 10. Suppose 171 = 4*n - z. Is n composite?
False
Is (6/(-4))/((-3)/42) prime?
False
Let v(n) = -2*n**3 + n**2 + 9*n - 23. Is v(-8) a composite number?
True
Suppose 25 = -0*b - b. Suppose -5*o = -o - 3*n - 80, 0 = 2*o - 5*n - 40. Is (b/o)/(2/(-56)) prime?
False
Let n(d) = -36*d + 2. Is n(-2) a prime number?
False
Let o = -1 + 1. Suppose -2*u = -4*q - 522, -u + o*u = q - 258. Is u a composite number?
True
Suppose 2*u - 4 = -3*p + 9, -2*p = -5*u - 15. Suppose -58 - 277 = -p*h. Is h a composite number?
False
Let k(b) = 22*b + 1. Let i be k(4). Suppose -i = -4*t + 51. Is t composite?
True
Let p(y) = -y**3 + 8*y**2 - 7*y + 3. Let c be p(7). Suppose 0*o + 165 = 3*o - 2*z, 5*o - 275 = c*z. Is o composite?
True
Suppose -4*u = -5*u + 4. Suppose -4*d = u, 0 = 5*j - d - 32 - 199. Is j composite?
True
Suppose 0 = 5*v - 2*f - 27, -4*v - 2*f = -4*f - 22. Suppose 0 = -v*w + w + 276. Is w a composite number?
True
Suppose 5*r - 3*r + 1684 = 2*c, 3*r = c - 844. Is c prime?
False
Let c(b) = 2*b**2 - 2*b + 1. Let w be c(1). Is w/1 - (-64)/2 composite?
True
Suppose -q + 1489 = -49. Suppose 2330 = 4*h - q. Is h composite?
False
Suppose -7 - 1 = -4*b. Suppose 0 = 3*x - u - 55 - 289, 0 = b*x - u - 231. Is x a prime number?
True
Let b(v) = 12*v**3 - 27*v**2 - 5*v - 13. Is b(9) a prime number?
False
Let s(c) = c**3 + 9*c**2 + 5*c - 3. Let t be s(-8). Suppose t = 4*d - 7. Suppose h + 0 - d = 0. Is h composite?
False
Let w = 18 - 13. Let y(j) = -j + 2. Let b be y(w). Is ((-1)/3)/(b/18) a composite number?
False
Let t be (7/3)/(4/(-96)). Let y = 195 - t. Is y a prime number?
True
Let n(l) = l**3 + l**2 - l - 1. Let p(r) = -7*r**3 + r**2 + 10*r + 3. Let k be (48/(-10))/(-4)*-5. Let t(s) = k*n(s) - p(s). Is t(8) a composite number?
True
Let a(i) = -9*i**3 - 27*i**2 + 7*i - 24. Let j(g) = 5*g**3 + 14*g**2 - 4*g + 12. Let m(z) = -4*a(z) - 7*j(z). Is m(-9) a prime number?
False
Let k(l) = l**3 - 2*l**2 + 2*l - 1. Let c be k(1). Suppose 7*j - 2*j - 1315 = c. Is j a composite number?
False
Let a = -2 - -3. Let l = -1 - a. Is (237*1)/3 + l prime?
False
Suppose 5*t = -4*y - 0*y + 23, 4*t - 10 = y. Suppose -4*z - t + 11 = 0. Is 53*(2 - 2/z) a composite number?
False
Let x(i) = i**2 + 14*i - 4. Is x(15) a composite number?
False
Suppose -8 = -x + 48. Let y be (-1)/(-4)*2*(-13 + 19). Suppose a = -y*a + x. Is a composite?
True
Let k(c) = -5*c**3 + 4*c**2 - 2*c - 5. Let n be k(4). Let r = n - -456. Is r prime?
False
Let x be (-4)/3*9/2. Let n be (-36)/8*(-8)/x. Is (-486)/(-10) - n/15 a composite number?
True
Let v(m) = 94*m**2 + 6*m + 3. Let r(u) = 31*u**2 + 2*u + 1. Let a(n) = -8*r(n) + 3*v(n). Is a(-1) composite?
True
Let g(c) = 6 + 0 - 2 - 1 - 22*c. Let l = 4 + -7. Is g(l) prime?
False
Let g = 20 + 149. Suppose 0 = -3*f - 31 + g. Suppose -2*k = 2*u - f, -4*k + 2*k - 5*u + 58 = 0. Is k composite?
False
Let a(p) = p + 1047. Let h be a(0). Suppose 4*n - 3*c - 856 = 0, -2*c + h = 5*n - 0*n. Is n composite?
False
Let k be (1 - 0)*(29 - -1). Let d = 7 + k. Is d a composite number?
False
Let g = -3 + 3. Let d be (2 + (g - 0))/2. Suppose -3*f = d - 64. Is f a composite number?
True
Suppose -2*p - p = 15. Let j = 7 + p. Suppose -j*z + 5*o = -15 - 14, -97 = -4*z - 3*o. Is z prime?
False
Suppose -114 = -3*m - 39. Is m a composite number?
True
Suppose -5*t + 5*d + 11 = -9, 3*t + 4*d - 33 = 0. Suppose -3 = -5*k + t. Is 7*k/(-4)*-2 prime?
True
Let v(s) = -146*s - 7. Is v(-3) prime?
True
Let a(x) = x + 1. Let t be a(-5). Is (327 + -1)*(-2)/t a prime number?
True
Let a(v) = -4*v**3 - 2*v**2 - 2. Let t = -1 - 1. Is a(t) prime?
False
Let x(t) = 16*t - 5. Is x(15) a prime number?
False
Suppose f = -0*f + 2. Suppose -f*o = -6, -2*n - n + 4*o = -561. Is n a composite number?
False
Suppose 3*l + 5*m - 65 = 746, 2*l = -4*m + 544. Is 1 + l - (1 - 1) a composite number?
False
Let y(q) = 102*q + 8. Let d be y(11). Suppose 4*h = d + 98. Is h a prime number?
True
Let k be 82 - 1/((-3)/9). Suppose -p + k = 2*r, -p = -3*p + 4*r + 186. Is p prime?
True
Let z = -88 + 47. Let w = -26 - z. Is w a prime number?
False
Suppose -13285 = -5*t + 11970. Is t prime?
True
Suppose 3*d - 25 = -4*h + 10, d =